{"id":117,"date":"2016-03-16T10:29:42","date_gmt":"2016-03-16T09:29:42","guid":{"rendered":"http:\/\/nordvestsjaelland.danmarksveteraner.dk\/wordpress\/?page_id=117"},"modified":"2021-09-09T20:42:17","modified_gmt":"2021-09-09T18:42:17","slug":"billeder","status":"publish","type":"page","link":"https:\/\/nordvestsjaelland.danmarksveteraner.dk\/wordpress\/billeder\/","title":{"rendered":"Billeder"},"content":{"rendered":"<p>Uddeling-af-10-\u00e5rs-tegn <img decoding=\"async\" src=\"http:\/\/nordvestsjaelland.danmarksveteraner.dk\/wordpress\/wp-content\/uploads\/2016\/07\/Uddeling-af-10-\u00e5rs-tegn.jpg\" alt=\"\" \/><\/p>\n<p>To n\u00e6stform\u00e6nd <img decoding=\"async\" src=\"http:\/\/nordvestsjaelland.danmarksveteraner.dk\/wordpress\/wp-content\/uploads\/2016\/07\/To-n\u00e6stform\u00e6nd.jpg\" alt=\"\" \/><\/p>\n<p>Nils Ulrik og Mogens <img decoding=\"async\" src=\"http:\/\/nordvestsjaelland.danmarksveteraner.dk\/wordpress\/wp-content\/uploads\/2016\/07\/Nils-Ulrik-og-Mogens.jpg\" alt=\"\" \/><\/p>\n<p>Stiftende generalforsamling Nordvestsj\u00e6lland Medlemmer\u00a0<img decoding=\"async\" src=\"http:\/\/nordvestsjaelland.danmarksveteraner.dk\/wordpress\/wp-content\/uploads\/2016\/07\/M\u00f8dedeltagere-5.jpg\" alt=\"\" \/><\/p>\n<p>Stiftende generalforsamling Nordvestsj\u00e6lland Medlemmer\u00a0<img decoding=\"async\" src=\"http:\/\/nordvestsjaelland.danmarksveteraner.dk\/wordpress\/wp-content\/uploads\/2016\/07\/M\u00f8dedeltagere-4.jpg\" alt=\"\" \/><\/p>\n<p>Stiftende generalforsamling Nordvestsj\u00e6lland Medlemmer\u00a0<img decoding=\"async\" src=\"http:\/\/nordvestsjaelland.danmarksveteraner.dk\/wordpress\/wp-content\/uploads\/2016\/07\/M\u00f8dedeltagere-3.jpg\" alt=\"\" \/><\/p>\n<p>Stiftende generalforsamling Nordvestsj\u00e6lland Medlemmer <img decoding=\"async\" src=\"http:\/\/nordvestsjaelland.danmarksveteraner.dk\/wordpress\/wp-content\/uploads\/2016\/07\/Medlemmer-2.jpg\" alt=\"\" \/><\/p>\n<p>Stiftende generalforsamling Nordvestsj\u00e6lland Formanden og dirigenten <img decoding=\"async\" src=\"http:\/\/nordvestsjaelland.danmarksveteraner.dk\/wordpress\/wp-content\/uploads\/2016\/07\/Formand-og-dirigenten.jpg\" alt=\"\" \/><\/p>\n<p>Stiftende generalforsamling Nordvestsj\u00e6lland\u00a0<img decoding=\"async\" src=\"http:\/\/nordvestsjaelland.danmarksveteraner.dk\/wordpress\/wp-content\/uploads\/2016\/07\/DBB-stiftene-generalforsamling-Nordvestsj\u00e6lland-017.jpg\" alt=\"\" \/><\/p>\n<p>Stiftende generalforsamling Nordvestsj\u00e6lland\u00a0<img decoding=\"async\" src=\"http:\/\/nordvestsjaelland.danmarksveteraner.dk\/wordpress\/wp-content\/uploads\/2016\/07\/DBB-stiftene-generalforsamling-Nordvestsj\u00e6lland-014.jpg\" alt=\"\" \/><\/p>\n<p>Stiftende generalforsamling Nordvestsj\u00e6lland\u00a0<img decoding=\"async\" src=\"http:\/\/nordvestsjaelland.danmarksveteraner.dk\/wordpress\/wp-content\/uploads\/2016\/07\/DBB-stiftene-generalforsamling-Nordvestsj\u00e6lland-013-1.jpg\" alt=\"\" \/><\/p>\n<p>Stiftende generalforsamling Nordvestsj\u00e6lland <img decoding=\"async\" src=\"http:\/\/nordvestsjaelland.danmarksveteraner.dk\/wordpress\/wp-content\/uploads\/2016\/07\/DBB-stiftene-generalforsamling-Nordvestsj\u00e6lland-011-1.jpg\" alt=\"\" \/><\/p>\n<p>Bjarne og Brian <img decoding=\"async\" src=\"http:\/\/nordvestsjaelland.danmarksveteraner.dk\/wordpress\/wp-content\/uploads\/2016\/07\/Bjarne-og-Brian.jpg\" alt=\"\" \/><\/p>\n<p>Navngivning Veteranengen\u00a0<img decoding=\"async\" src=\"http:\/\/nordvestsjaelland.danmarksveteraner.dk\/wordpress\/wp-content\/uploads\/2016\/07\/DBB-Navngivning-Veteranengen-af-shelderne-6-6-15-002.jpg\" alt=\"\" \/><\/p>\n<p>Navngivning Veteranengen <img decoding=\"async\" src=\"http:\/\/nordvestsjaelland.danmarksveteraner.dk\/wordpress\/wp-content\/uploads\/2016\/07\/DBB-Navngivning-Veteranengen-af-shelderne-6-6-15-032.jpg\" alt=\"\" \/><\/p>\n<p>Ny bestyrelse <img decoding=\"async\" src=\"http:\/\/nordvestsjaelland.danmarksveteraner.dk\/wordpress\/wp-content\/uploads\/2016\/07\/DSC05411.jpg\" alt=\"\" \/><\/p>\n\n\n<p><\/p>\n","protected":false},"excerpt":{"rendered":"<p>Uddeling-af-10-\u00e5rs-tegn To n\u00e6stform\u00e6nd Nils Ulrik og Mogens Stiftende generalforsamling Nordvestsj\u00e6lland Medlemmer\u00a0 Stiftende generalforsamling Nordvestsj\u00e6lland Medlemmer\u00a0 Stiftende generalforsamling Nordvestsj\u00e6lland Medlemmer\u00a0 Stiftende<\/p>\n","protected":false},"author":1,"featured_media":0,"parent":0,"menu_order":6,"comment_status":"closed","ping_status":"closed","template":"","meta":{"footnotes":""},"_links":{"self":[{"href":"https:\/\/nordvestsjaelland.danmarksveteraner.dk\/wordpress\/wp-json\/wp\/v2\/pages\/117"}],"collection":[{"href":"https:\/\/nordvestsjaelland.danmarksveteraner.dk\/wordpress\/wp-json\/wp\/v2\/pages"}],"about":[{"href":"https:\/\/nordvestsjaelland.danmarksveteraner.dk\/wordpress\/wp-json\/wp\/v2\/types\/page"}],"author":[{"embeddable":true,"href":"https:\/\/nordvestsjaelland.danmarksveteraner.dk\/wordpress\/wp-json\/wp\/v2\/users\/1"}],"replies":[{"embeddable":true,"href":"https:\/\/nordvestsjaelland.danmarksveteraner.dk\/wordpress\/wp-json\/wp\/v2\/comments?post=117"}],"version-history":[{"count":33,"href":"https:\/\/nordvestsjaelland.danmarksveteraner.dk\/wordpress\/wp-json\/wp\/v2\/pages\/117\/revisions"}],"predecessor-version":[{"id":2349,"href":"https:\/\/nordvestsjaelland.danmarksveteraner.dk\/wordpress\/wp-json\/wp\/v2\/pages\/117\/revisions\/2349"}],"wp:attachment":[{"href":"https:\/\/nordvestsjaelland.danmarksveteraner.dk\/wordpress\/wp-json\/wp\/v2\/media?parent=117"}],"curies":[{"name":"wp","href":"https:\/\/api.w.org\/{rel}","templated":true}]}}