{"id":1808,"date":"2019-09-17T07:52:27","date_gmt":"2019-09-17T05:52:27","guid":{"rendered":"https:\/\/nordvestsjaelland.danmarksveteraner.dk\/wordpress\/?page_id=1808"},"modified":"2022-04-25T11:50:18","modified_gmt":"2022-04-25T09:50:18","slug":"skydeklub","status":"publish","type":"page","link":"https:\/\/nordvestsjaelland.danmarksveteraner.dk\/wordpress\/organisation\/skydeklub\/","title":{"rendered":"Skydeklub"},"content":{"rendered":"\n<p class=\"has-black-color has-text-color\">Klubleder er: S\u00f8ren Juel<br> Hvis tvivlssp\u00f8rgsm\u00e5l \u2013 s\u00e5 \u201dfang\u201d S\u00f8ren.<br> Kontaktmuligheder \u2013 soeren.juel@gmail.com eller se under bestyrrelsen.<\/p>\n\n\n\n<p class=\"has-black-color has-text-color\">OBS &#8211; OBS &#8211; OBS<br>Landsforeningen har ultimo 2020 \u00e6ndret sin afg\u00f8relse, hvilket indeb\u00e6rer at skydningerne p\u00e5 landsplan forts\u00e6tter &#8211; men har 13. april 2021 bestemt, at der ikke uddeles pr\u00e6mier for 2020 p\u00e5 grund af for f\u00e5 deltagere.<br>Hans Oluf Hansen, \u00d8stjyderne, er igen &#8220;tovholder&#8221; og udsender indbydelser til skydning i september\/oktober 2021 med pr\u00e6mieuddeling til repr\u00e6sentantskabsm\u00f8de 2022.<\/p>\n\n\n\n\n\n<p>Landsforeningen har genovervejet og \u00e6ndret sin beslutning fra repr\u00e6sentantskabsm\u00f8det i april 2019, som ovenfor skrevet. Derfor forts\u00e6tter skydningerne fra 2021 med den begr\u00e6nsning som er beskrevet ovenfor. Se endvidere hjemmesiden som omtaler forholdet.<br>Klubben vandt landsmesterskabet i 2015, 2016, 2017 og 2018. P\u00e5 billedet modtager formanden landsforeningens pokal for sidste gang. Udover pokal er der individuelle pr\u00e6mier til skytterne p\u00e5 holdet.<br> <\/p>\n\n\n\n<figure class=\"wp-block-image\"><img decoding=\"async\" loading=\"lazy\" width=\"1024\" height=\"683\" src=\"https:\/\/nordvestsjaelland.danmarksveteraner.dk\/wordpress\/wp-content\/uploads\/2019\/09\/Pokalen-for-2018-modtages-af-formanden-1024x683.jpg\" alt=\"\" class=\"wp-image-1858\" srcset=\"https:\/\/nordvestsjaelland.danmarksveteraner.dk\/wordpress\/wp-content\/uploads\/2019\/09\/Pokalen-for-2018-modtages-af-formanden-1024x683.jpg 1024w, https:\/\/nordvestsjaelland.danmarksveteraner.dk\/wordpress\/wp-content\/uploads\/2019\/09\/Pokalen-for-2018-modtages-af-formanden-300x200.jpg 300w, https:\/\/nordvestsjaelland.danmarksveteraner.dk\/wordpress\/wp-content\/uploads\/2019\/09\/Pokalen-for-2018-modtages-af-formanden-768x512.jpg 768w, https:\/\/nordvestsjaelland.danmarksveteraner.dk\/wordpress\/wp-content\/uploads\/2019\/09\/Pokalen-for-2018-modtages-af-formanden.jpg 1794w\" sizes=\"(max-width: 1024px) 100vw, 1024px\" \/><figcaption>Pokalen for 2018 modtages<\/figcaption><\/figure>\n\n\n\n<p>Lokalforeningen har bestemt, at vi forts\u00e6tter skydningerne som vanligt.<br>Inden deltagelse i skydningerne, som foreg\u00e5r i regi af Tuse&nbsp;Skytteforening skal skytterne ans\u00f8ge om individuel godkendelse som skytte via skytteforeningen. Godkendelsen gennemf\u00f8res af politiet (vandelsgodkendelse) som meddeler godkendelsen via skyttens E-boks.<\/p>\n\n\n\n<p>Skytterne skal fremover v\u00e6re medlemmer af klubben ( 600,00 kr. \u00e5rligt ). <br>Skytte\u00e5ret begynder fra 1. oktober.<br>Skytterne skal selv k\u00f8be patroner, idet dog Lokalforeningen giver fremover et tilskud til k\u00f8b af 4 \u00e6sker patroner. <\/p>\n\n\n\n<p> Vi gennemf\u00f8rer normalt 5 skydninger i for\u00e5ret og 3 skydninger i efter\u00e5ret alle p\u00e5 Tuse Skytteforenings baner ved Tuse Hallen.<br> Skydningerne gennemf\u00f8res fra klokken 1830 og vi er normalt f\u00e6rdige inden klokken 2100.<br> Efter hver skydning evaluerer vi aftenens resultat over en kop kaffe og hertil lidt kage med af en af skytterne.<\/p>\n\n\n\n<p>Tuse Skytteforening har en pause mellem for\u00e5r og efter\u00e5r, hvor de gennemf\u00f8rer skydninger p\u00e5 200 meter p\u00e5 Tuse Bjerg, hvor vi er velkomne og kan l\u00e5ne skytteforeningens banerifler &#8211; mere om dette s\u00e5 kontakt S\u00f8ren.<\/p>\n\n\n\n<p class=\"has-vivid-red-background-color has-background\">Skyderegler: <\/p>\n\n\n\n<p>1. Der skydes p\u00e5 15 meter indend\u00f8rs bane i lokalforeningsomr\u00e5det.<br> 2. Der skydes p\u00e5 6 ringdelt skydeskive med 1 skydefelt p\u00e5 hver side, eller elektronisk skive<br> 3. Der skydes med Cal. 22 riffel.<br> 4. Der skydes i alt 20 g\u00e6ldende skud.<br> 5. Skydningen er med anl\u00e6g (arml\u00e6n og st\u00f8tte). Dermed undg\u00e5r vi snyd.<br> 6. Der skydes et antal pr\u00f8veskud. (Hvor mange bestemmer i selv).<br> 7. Pr\u00e6mier:<br>    a. Bedste skytte individuelt modtager en graveret pokal, som er evigt vandrende. Bedste skytte er skytten med det bedste gennemsnit af 6 skydninger,          idet skytten selv udpeger, hvilke skydninger der skal bortfalde efter endt skydning.<br>    b. Skytten med bedste resultat p\u00e5 en skydedag over \u00e5ret f\u00e5r en anden indgraveret pokal, som ligeledes er evigt vandrende.<\/p>\n","protected":false},"excerpt":{"rendered":"<p>Klubleder er: S\u00f8ren Juel Hvis tvivlssp\u00f8rgsm\u00e5l \u2013 s\u00e5 \u201dfang\u201d S\u00f8ren. Kontaktmuligheder \u2013 soeren.juel@gmail.com eller se under bestyrrelsen. OBS &#8211; OBS<\/p>\n","protected":false},"author":1,"featured_media":0,"parent":250,"menu_order":3,"comment_status":"closed","ping_status":"closed","template":"","meta":{"footnotes":""},"_links":{"self":[{"href":"https:\/\/nordvestsjaelland.danmarksveteraner.dk\/wordpress\/wp-json\/wp\/v2\/pages\/1808"}],"collection":[{"href":"https:\/\/nordvestsjaelland.danmarksveteraner.dk\/wordpress\/wp-json\/wp\/v2\/pages"}],"about":[{"href":"https:\/\/nordvestsjaelland.danmarksveteraner.dk\/wordpress\/wp-json\/wp\/v2\/types\/page"}],"author":[{"embeddable":true,"href":"https:\/\/nordvestsjaelland.danmarksveteraner.dk\/wordpress\/wp-json\/wp\/v2\/users\/1"}],"replies":[{"embeddable":true,"href":"https:\/\/nordvestsjaelland.danmarksveteraner.dk\/wordpress\/wp-json\/wp\/v2\/comments?post=1808"}],"version-history":[{"count":13,"href":"https:\/\/nordvestsjaelland.danmarksveteraner.dk\/wordpress\/wp-json\/wp\/v2\/pages\/1808\/revisions"}],"predecessor-version":[{"id":2435,"href":"https:\/\/nordvestsjaelland.danmarksveteraner.dk\/wordpress\/wp-json\/wp\/v2\/pages\/1808\/revisions\/2435"}],"up":[{"embeddable":true,"href":"https:\/\/nordvestsjaelland.danmarksveteraner.dk\/wordpress\/wp-json\/wp\/v2\/pages\/250"}],"wp:attachment":[{"href":"https:\/\/nordvestsjaelland.danmarksveteraner.dk\/wordpress\/wp-json\/wp\/v2\/media?parent=1808"}],"curies":[{"name":"wp","href":"https:\/\/api.w.org\/{rel}","templated":true}]}}